*t + 5*t, -t - 3 = 0. Let i = k - 22. What is the units digit of i?
0
Suppose 5*q - 49 = -f, 0*q = f - 3*q - 57. Let w be (1 - -1) + 3 + 0. Suppose -w*a = -11 - f. What is the units digit of a?
3
Let j(y) = -y**2 - 4*y + 5. Let m be j(-5). Suppose -5*i - 15 = -10*i + 5*f, m = -3*i - 5*f - 15. Let k(p) = -p**2 + p + 1. What is the units digit of k(i)?
1
Let f = -5 - 2. Let i = 11 + f. What is the units digit of i?
4
Suppose 3*d - 50 = -2*t, t - 2*t + 18 = 5*d. What is the tens digit of t?
2
Suppose 2*i + 2 = 0, 0*h - 3*i + 137 = 2*h. What is the tens digit of h?
7
Suppose j = 5*j + 40. Let t = -5 - j. What is the units digit of t?
5
Let v = 1 + 2. Suppose -v*m + 18 = 3*s, 7*s - 30 = 2*s + 4*m. What is the units digit of s?
6
Let g = 6 + -3. Suppose o + g*o = -80. What is the tens digit of 118/10 - 4/o?
1
Suppose -4*k - 14 = -5*k. Let o = -20 - -41. Let y = o - k. What is the units digit of y?
7
Let v(z) = -48*z - 34. What is the hundreds digit of v(-6)?
2
Let l(u) = 8*u + 0 - 1 + u**2 + u. What is the units digit of l(-10)?
9
Suppose 0*f - 5 = -f. What is the units digit of f?
5
Suppose -4*n + 5*d + 3 = 6, 12 = 4*d. What is the units digit of (-70)/(-4) + n/6?
8
Let j be 2*(0 - (-26)/(-4)). Let l = -8 - j. Suppose 0*i + i - 18 = -3*u, 0 = -l*u - i + 28. What is the units digit of u?
5
Suppose -5*s - 3*b + 45 = 2*b, 2*b + 38 = 5*s. Suppose 22 - s = 2*g. What is the units digit of g?
7
Let n(p) = -4*p - 3. What is the tens digit of n(-8)?
2
Let v = 431 - 241. What is the units digit of v?
0
Suppose -3*i = 2 - 5. Let q be (2 - i) + 26 - 3. Suppose -3*n + 5*n - q = 0. What is the tens digit of n?
1
Let j be 8/52 + (-4206)/(-39). Suppose 5*y - 17 = j. What is the units digit of y?
5
What is the tens digit of 34 + -7 - (-2 - 2)?
3
Let g = -12 + 46. Let k = 57 - g. What is the units digit of k?
3
Suppose -5*x + 43 = d, -2*d + 34 = -3*x - 65. Suppose 6*w - d = 2*w. What is the units digit of w?
2
Let y = -4 - -6. Let z be ((-6)/(-7))/(30/140). Suppose -2*n = 4*x - 22, -5*n = z*x - y*x - 39. What is the units digit of n?
7
Let z(b) = -b + 48. What is the tens digit of z(11)?
3
Suppose x - 2 = 56. Suppose x - 2 = u. What is the tens digit of u?
5
Let c be (-105)/(-12) + 1/4. Let q be 2 - ((-7)/(-1) - 2). Let o = q + c. What is the units digit of o?
6
Suppose 6*m + 3 = 7*m. Suppose -2*w = -3*o + 139, o - w + m*w = 41. What is the units digit of o?
5
Let k(q) = -q**3 - 8*q**2 - 9*q - 9. Let l be k(-7). Suppose -1 - 19 = -l*f, -4*x - 5*f - 24 = 0. Let y = x - -21. What is the units digit of y?
0
Suppose 0 = 3*j - 4*j + 9. What is the units digit of j?
9
Suppose 59 + 61 = 4*m. What is the tens digit of m?
3
Let y(l) = -l**2 - 9*l + 6. Let j be y(-7). Let g = j + -7. What is the units digit of g?
3
Suppose -3*u + x + 16 = 0, 0 = -2*u - x - 3*x - 8. Let j = u + -2. Suppose -3*d = -j*d - 8. What is the units digit of d?
8
Let w(r) = 3*r + 1. Let y be (-2)/(-4) + (-5)/(-2). What is the units digit of w(y)?
0
Let v(f) = f**2 - 11*f + 4. Let n be v(11). Suppose k = n*s, -2*k - k + 55 = -s. What is the units digit of k?
0
Let t(v) = -2*v**2 + 12*v + 2. Let s(x) = -x**2 - 1. Let o(i) = 3*s(i) - t(i). What is the tens digit of o(-8)?
2
Let g(n) = 24*n - 6. What is the tens digit of g(3)?
6
Let a = -10 - -11. Suppose -a = i - 4. Suppose 3*j - 46 = -3*b + 23, -i*j - b = -59. What is the tens digit of j?
1
Let k be (22/4)/((-1)/(-2)). Let j be (1 - 1) + (-138)/(-3). Suppose j = 5*a + k. What is the units digit of a?
7
Let v(q) = -q**3 - 9*q**2 + 4*q - 1. What is the tens digit of v(-10)?
5
Let c(m) = 10*m + 2. What is the tens digit of c(2)?
2
Suppose 0 = 2*k - 5 - 1. Let y be (-3)/(1/(k/(-3))). What is the units digit of -3 - -11 - (y + -1)?
6
Let o(m) = 3*m**2 - 2*m + 3. Let y be o(7). What is the tens digit of (-4)/(-6) + y/12?
1
Let d be (-5)/(-25) + (-38)/(-10). Suppose d*x - 44 = 2*x. What is the units digit of x?
2
Suppose -3*h = 5*o - 763, 612 = 4*o + 12*h - 10*h. What is the tens digit of o?
5
Let z(a) = 2*a + a + 10 + 0*a - 4*a. Suppose -27 = t - 4*t. What is the units digit of z(t)?
1
Suppose -5*r + 0*r - 10 = 0. Let t(z) = -z**3 - 4*z**2 + 5*z + 2. Let q be t(-5). What is the units digit of 3*q*r/(-4)?
3
Suppose -17*n - 18 = -18*n. What is the units digit of n?
8
Let q = -8 + 13. Suppose -q*b + 3*u + 140 = 6*u, 2*u = 10. What is the tens digit of b?
2
Let r(w) = 10*w + w**2 + 4*w**2 - 6*w**2 - 10. What is the units digit of r(8)?
6
Suppose -x + 3*z + 12 = 0, -x + 0 = 3*z + 6. Let h = 8 + -2. What is the units digit of x*h/9 - -2?
4
Suppose 5*t + 4*r - r = 8, t + 3*r - 4 = 0. Let a = t + -1. Suppose 8 = -4*n, 0 = -a*s + s - 5*n - 12. What is the units digit of s?
2
Let q = -2 + 22. Suppose 5*w - 14 = -t, -2*t + 0*w = 2*w - q. What is the units digit of t?
9
Suppose -39 = -4*x - 15. Suppose -x*q + 11*q = 0. Suppose -4*v + 26 + 18 = q. What is the tens digit of v?
1
Let y = 5 - -6. Let f = y + -7. Suppose 0 + f = 2*h. What is the units digit of h?
2
Let l = 92 + 104. What is the hundreds digit of l?
1
Let p be 40/(-6) - 3/9. Let g = -5 - p. Suppose g*k - 3 = -k. What is the units digit of k?
1
Let c(w) = -w**3 - 6*w**2 - 11*w + 6. What is the units digit of c(-5)?
6
Suppose 3*c - 155 = 4*z, -2*z = -4*z - 4*c - 50. Let n = 50 + z. What is the units digit of n?
5
Let h = -28 - -48. Let z = 54 - h. What is the tens digit of z?
3
Let y(f) = -10*f + 10. Let o be y(-8). Suppose 0 = -0*g - 5*g + o. What is the units digit of g?
8
Suppose 0*g + 14 = g - i, 0 = 3*i. Let b = g - -5. What is the tens digit of b?
1
Let g = 5 - 1. Let s = -14 - -19. Suppose 52 = s*o - g*l, -2*l - l + 66 = 5*o. What is the tens digit of o?
1
Let n(v) = 11*v + 14. What is the tens digit of n(4)?
5
Suppose -4*g + 5 = v, -v + 4*g = 2 + 9. What is the tens digit of 3/v*13*-1?
1
Let b(x) = -x + 1. Let r be b(-3). Suppose -5*u - 2*d = d - 19, -5*u = r*d - 22. What is the units digit of u?
2
Suppose 0 = -2*f - 5*i + 5, -3*f + 2*f = -5*i + 5. Let u = 0 + f. Suppose -5*x + 16 + 24 = u. What is the units digit of x?
8
Let p(k) = -2*k + 5. Let z be p(-12). Suppose -m + z = r, 2*m - 5*r - 93 = -0*m. What is the tens digit of m?
3
Suppose -4*h = 5 + 3. Let a = -4 + h. What is the units digit of 249/27 + a/27?
9
Let d be (9 + 1)/(0 + 2). Suppose -d*h + 3 + 67 = 0. What is the tens digit of h?
1
What is the units digit of ((-153)/6)/3*(2 - 6)?
4
Let k(o) = o**3 - 6*o**2 + 5*o - 6. Let z be k(5). What is the units digit of (-2)/(-12) + (-41)/z?
7
Suppose 3*a - 7*a + 3*r = 15, 5*a = -3*r + 15. Suppose a = -3*l - 2*l + 105. What is the tens digit of l?
2
Let k = 200 + -109. What is the units digit of k?
1
Let r(a) be the second derivative of a**7/2520 - a**5/120 + a**4/12 - 2*a. Let x(b) be the third derivative of r(b). What is the units digit of x(2)?
3
Let c be ((-2)/6)/((-4)/12). Suppose -c = -5*o + 9. Suppose -o*w = -3*w + 1. What is the units digit of w?
1
Let q = 31 - 5. What is the units digit of 1/(-2 + 4)*q?
3
What is the units digit of -2*(-2 + 1) - -73?
5
Let q be 8/(-12) - (-16)/6. Suppose 0 = -5*d - 0*d + 15. Suppose -2*x - d*x = f + 17, -6 = -2*f - q*x. What is the units digit of f?
8
Let n(t) = t**3 + 6*t**2 - 10. Let l be n(-6). Let w = l + 22. What is the tens digit of w?
1
Suppose 12 = 3*w - 12. What is the units digit of w?
8
Suppose 5*v - 5*j = -175, 3*v + 7*j - 2*j + 81 = 0. What is the units digit of 8/v - 10/(-8)?
1
Let l(k) = -k - 3. Let g be l(-6). Suppose 7*n + 8 = -g*s + 2*n, 2*n = -2*s. Suppose -s*o + 17 = -15. What is the units digit of o?
8
What is the units digit of 4/(-18) - (-8265)/135?
1
Let m(t) = -t**3 + 4*t**2 + 2. Let a be m(3). Let b(n) = n**3 - 12*n**2 + 11*n. Let y be b(a). What is the units digit of 11/(2 - 1) - y?
1
Suppose 4*q = 3*z - 60, -95 = -5*z + 7*q - 2*q. Let c = 27 - z. What is the units digit of c?
1
Let d(i) = i**2 + 9*i + 6. Let u be d(-9). Suppose -u*o = -2*o - 28. Suppose o*v - 3*v - 56 = 0. What is the units digit of v?
4
Suppose -4*i = i - 110. Suppose -2*h + i = 2*n, -6*h + 2*h + 5 = n. Suppose j + 4*b = -0*j + 7, b = -4*j + n. What is the units digit of j?
3
Suppose 2*r + 2*r - 128 = 0. What is the tens digit of r?
3
Let n(l) = 9*l + 1. Let s = 15 + -14. What is the tens digit of n(s)?
1
Let h(g) = g**3 - 7*g**2 + 10*g + 15. What is the hundred